 of 2?
False
Is 4 a factor of 7064?
True
Is 45621 a multiple of 9?
True
Is 84 a factor of 994?
False
Is 20 a factor of 22889?
False
Does 13 divide 38740?
True
Is 202 a factor of 606?
True
Is 72579 a multiple of 11?
False
Does 70 divide 53760?
True
Is 252 a multiple of 14?
True
Is 3482 even?
True
Is 1242 a multiple of 5?
False
Is 106 a multiple of 41?
False
Does 123 divide 942?
False
Does 18 divide 840?
False
Is 28700 a multiple of 28?
True
Does 20 divide 2600?
True
Does 43 divide 190?
False
Is 1248 a multiple of 52?
True
Is 20 a factor of 4380?
True
Does 8 divide 5592?
True
Does 64 divide 3900?
False
Is 36 a factor of 327?
False
Is 240 a multiple of 14?
False
Does 3 divide 1797?
True
Is 7 a factor of 6329?
False
Is 16 a factor of 37468?
False
Is 35 a factor of 15531?
False
Is 1350 a multiple of 30?
True
Does 8 divide 287?
False
Is 2408 a multiple of 86?
True
Is 11 a factor of 25553?
True
Does 16 divide 1936?
True
Is 6 a factor of 1632?
True
Is 81 a factor of 198?
False
Does 8 divide 1408?
True
Does 18 divide 1782?
True
Is 8782 a multiple of 3?
False
Does 26 divide 1079?
False
Does 2 divide 121?
False
Is 66 a factor of 660?
True
Does 5 divide 20545?
True
Does 11 divide 2149?
False
Is 69 a factor of 2996?
False
Does 17 divide 27676?
True
Is 59 a factor of 3481?
True
Does 12 divide 96?
True
Is 1365 a multiple of 65?
True
Is 360 a multiple of 9?
True
Does 34 divide 318?
False
Is 58 a factor of 696?
True
Does 52 divide 756?
False
Is 173 a factor of 2595?
True
Does 157 divide 91845?
True
Is 54 a factor of 714?
False
Is 55 a factor of 154?
False
Does 12 divide 1044?
True
Is 33 a factor of 644?
False
Does 42 divide 12022?
False
Does 510 divide 60824?
False
Is 34715 a multiple of 63?
False
Is 1275 a multiple of 51?
True
Is 60116 a multiple of 14?
True
Does 2 divide 86?
True
Does 54 divide 30008?
False
Is 55 a factor of 1375?
True
Is 1315 a multiple of 48?
False
Does 63 divide 3794?
False
Is 34928 a multiple of 35?
False
Is 830 a multiple of 10?
True
Is 46618 a multiple of 8?
False
Is 3 a factor of 452?
False
Is 40749 a multiple of 51?
True
Is 96 a factor of 1824?
True
Is 627 a multiple of 8?
False
Is 2508 a multiple of 76?
True
Does 158 divide 9458?
False
Is 10 a factor of 1930?
True
Does 21 divide 672?
True
Does 37 divide 11082?
False
Is 28 a factor of 1456?
True
Is 2990 a multiple of 46?
True
Is 33509 a multiple of 143?
False
Is 300 a multiple of 20?
True
Is 1014 a multiple of 39?
True
Is 17767 a multiple of 11?
False
Does 34 divide 297?
False
Is 522 a multiple of 9?
True
Does 12 divide 1104?
True
Does 156 divide 32217?
False
Is 20009 a multiple of 99?
False
Is 5648 a multiple of 84?
False
Does 29 divide 193?
False
Is 3674 a multiple of 59?
False
Is 14 a factor of 80362?
False
Does 10 divide 270?
True
Does 5 divide 1199?
False
Does 7 divide 47481?
True
Is 30120 a multiple of 15?
True
Is 27 a factor of 297?
True
Is 61 a factor of 2135?
True
Does 11 divide 440?
True
Is 12004 a multiple of 10?
False
Is 3084 a multiple of 53?
False
Is 32 a factor of 768?
True
Is 339 a multiple of 6?
False
Does 199 divide 796?
True
Does 42 divide 2532?
False
Does 8 divide 32640?
True
Does 62 divide 3224?
True
Is 47 a factor of 11328?
False
Is 27 a factor of 151?
False
Does 30 divide 7035?
False
Does 20 divide 18652?
False
Is 167 a multiple of 9?
False
Is 6 a factor of 37?
False
Is 3410 a multiple of 55?
True
Is 276 a multiple of 2?
True
Does 71 divide 4895?
False
Is 11 a factor of 91?
False
Is 7294 a multiple of 46?
False
Does 33 divide 4260?
False
Is 64710 a multiple of 6?
True
Is 12954 a multiple of 102?
True
Is 13 a factor of 6983?
False
Is 19798 a multiple of 66?
False
Is 3465 a multiple of 35?
True
Is 76 a factor of 24381?
False
Does 219 divide 48900?
False
Is 7 a factor of 1043?
True
Does 57 divide 5244?
True
Is 68 a factor of 632?
False
Is 9 a factor of 1381?
False
Does 133 divide 47791?
False
Does 49 divide 1813?
True
Does 15 divide 1380?
True
Does 3 divide 12?
True
Is 7386 a multiple of 12?
False
Is 7620 even?
True
Does 48 divide 11564?
False
Does 6 divide 1416?
True
Is 11186 a multiple of 17?
True
Is 13164 a multiple of 12?
True
Does 5 divide 114?
False
Is 15 a factor of 617?
False
Does 50 divide 27214?
False
Does 113 divide 21908?
False
Is 1231 a multiple of 6?
False
Is 8 a factor of 48?
True
Is 24 a factor of 648?
True
Is 804 a multiple of 29?
False
Is 1208 a multiple of 7?
False
Is 58 a factor of 4898?
False
Does 51 divide 1755?
False
Does 6 divide 48996?
True
Is 9 a factor of 436?
False
Is 43788 a multiple of 164?
True
Is 28 a factor of 48005?
False
Is 4738 a multiple of 23?
True
Is 50 a factor of 13176?
False
Does 159 divide 10335?
True
Is 66481 a multiple of 9?
False
Is 11090 a multiple of 18?
False
Is 54 a factor of 8154?
True
Does 188 divide 76892?
True
Is 56 a multiple of 14?
True
Does 17 divide 9307?
False
Is 3379 a multiple of 31?
True
Does 25 divide 1975?
True
Is 318 a multiple of 106?
True
Is 25 a factor of 4225?
True
Does 16 divide 736?
True
Is 1072 a multiple of 18?
False
Is 2928 a multiple of 43?
False
Is 35149 a multiple of 260?
False
Is 25 a factor of 4976?
False
Is 36 a multiple of 12?
True
Is 6 a factor of 12435?
False
Does 83 divide 125?
False
Is 18 a factor of 75?
False
Does 33 divide 74921?
False
Is 854 a multiple of 13?
False
Does 5 divide 3560?
True
Does 9 divide 4554?
True
Does 11 divide 1508?
False
Is 70 a multiple of 2?
True
Is 17904 a multiple of 30?
False
Is 1513 a multiple of 51?
False
Is 2191 a multiple of 37?
False
Is 392 a multiple of 14?
True
Is 5406 a multiple of 53?
True
Is 7 a factor of 4366?
False
Is 26 a factor of 12922?
True
Is 7550 a multiple of 2?
True
Is 8 a factor of 24064?
True
Does 24 divide 15175?
False
Is 38841 a multiple of 33?
True
Is 4341 a multiple of 23?
False
Does 4 divide 1866?
False
Does 3 divide 57?
True
Is 285 a multiple of 3?
True
Does 56 divide 41377?
False
Does 22 divide 34826?
True
Is 69 a factor of 23691?
False
Is 2233 a multiple of 16?
False
Is 7 a factor of 7161?
True
Does 31 divide 186?
True
Is 10 a factor of 868?
False
Is 9 a factor of 31527?
True
Is 10486 a multiple of 49?
True
Is 44 a factor of 38984?
True
Does 94 divide 564?
True
Does 8 divide 1672?
True
Is 773 a multiple of 8?
False
Is 13 a factor of 74997?
True
Does 14 divide 168?
True
Does 60 divide 660?
True
Does 3 divide 33412?
False
Is 1113 a multiple of 3?
True
Does 28 divide 5320?
True
Does 91 divide 2465?
False
Is 47476 a multiple of 22?
True
Does 25 divide 42639?
False
Is 27 a factor of 19980?
True
Is 97 a factor of 164?
False
Does 24 divide 10968?
True
Is 26568 a multiple of 141?
False
Is 166 a factor of 17762?
True
Is 92 a multiple of 31?
False
Is 7102 a multiple of 95?
False
Is 16 a factor of 380?
False
Is 26240 a multiple of 41?
True
Does 95 divide 1805?
True
Is 12 a factor of 1613?
False
Is 21060 a multiple of 30?
True
Is 9142 a multiple of 14?
True
Is 3613 a multiple of 3?
False
Is 15 a factor of 1185?
True
Does 21 divide 22806?
True
Is 8 a factor of 360?
True
Does 35 divide 498?
False
Does 21 divide 9828?
True
Is 17 a factor of 323?
True
Is 510 a multiple of 21?
False
Is 18 a factor of 551?
False
Does 9 divide 2421?
True
Is 144 a multiple of 6?
True
Does 54 divide 999?
False
Is 78 a factor of 3495?
False
Does 7 divide 108?
False
Is 12 a factor of 3084?
True
Is 2352 a multiple of 42?
True
Is 1360 a multiple of 10?
True
Is 212 a factor of 56392?
True
Does 9 divide 65758?
False
Is 126 a factor of 12096?
True
Is 46 a factor of 12420?
True
Is 5952 a multiple of 48?
True
Does 37 divide 541?
False
Does 9 divide 3978?
True
Is 1018 a multiple of 13?
False
Is 11 a factor of 41822?
True
Does 73 divide 3301?
False
Is 7 a factor of 814?
False
Is 51 a multiple of 2?
False
Does 7 divide 1937?
False
Is 23 a factor of 49442?
False
Is 494 a multiple of 26?
True
Is 311 a multiple of 16?
False
Does 14 divide 196?
True
Is 430 a multiple of 24?
False
Does 58 divide 63?
False
Does 64 divide 11264?
True
Is 46 a factor of 9062?
True
Is 48 a multiple of 23?
False
Is 612 a multiple of 32?
False
Does 18 divide 13107?
False
Does 6 divide 9471?
False
Is 7682 a multiple of 23?
True
Is 6947 a multiple of 11?
False
Is 16 a factor of 14663?
False
Is 95 a factor of 665?
True
Is 1274 a multiple of 49?
True
Is 126 a factor of 7938?
True
Is 3567 a multiple o